{"id":9085,"date":"2023-04-28T14:55:18","date_gmt":"2023-04-28T14:55:18","guid":{"rendered":"http:\/\/estamoscontigo.srtv.cl\/?page_id=9085"},"modified":"2024-01-29T14:46:14","modified_gmt":"2024-01-29T14:46:14","slug":"informacion","status":"publish","type":"page","link":"https:\/\/pastillasmisotrol.cl\/index.php\/informacion\/","title":{"rendered":"Inf\u00f3rmate al respecto"},"content":{"rendered":"<section class=\"l-section wpb_row height_custom\"><div class=\"l-section-h i-cf\"><div class=\"g-cols via_grid cols_1 laptops-cols_inherit tablets-cols_inherit mobiles-cols_1 valign_top type_default\"><div class=\"wpb_column vc_column_container\"><div class=\"vc_column-inner\"><h2 class=\"w-text us_custom_eb849559\"><span class=\"w-text-h\"><span class=\"w-text-value\">Misotrol Cytotec<\/span><\/span><\/h2><div class=\"w-image align_center\"><div class=\"w-image-h\"><img loading=\"lazy\" decoding=\"async\" width=\"300\" height=\"239\" src=\"https:\/\/pastillasmisotrol.cl\/wp-content\/uploads\/2023\/10\/WhatsApp-Image-2023-10-31-at-5.09.00-PM-300x239.jpeg\" class=\"attachment-medium size-medium\" alt=\"\" srcset=\"https:\/\/pastillasmisotrol.cl\/wp-content\/uploads\/2023\/10\/WhatsApp-Image-2023-10-31-at-5.09.00-PM-300x239.jpeg 300w, https:\/\/pastillasmisotrol.cl\/wp-content\/uploads\/2023\/10\/WhatsApp-Image-2023-10-31-at-5.09.00-PM-1024x817.jpeg 1024w, https:\/\/pastillasmisotrol.cl\/wp-content\/uploads\/2023\/10\/WhatsApp-Image-2023-10-31-at-5.09.00-PM-1536x1225.jpeg 1536w, https:\/\/pastillasmisotrol.cl\/wp-content\/uploads\/2023\/10\/WhatsApp-Image-2023-10-31-at-5.09.00-PM-600x479.jpeg 600w, https:\/\/pastillasmisotrol.cl\/wp-content\/uploads\/2023\/10\/WhatsApp-Image-2023-10-31-at-5.09.00-PM.jpeg 1600w\" sizes=\"(max-width: 300px) 100vw, 300px\" \/><\/div><\/div><div class=\"w-separator size_small\"><\/div><div class=\"wpb_text_column\"><div class=\"wpb_wrapper\"><p style=\"text-align: justify;\">Es un f\u00e1rmaco utilizado regularmente en tratamientos para inducir perdidas, es decir, genera interrupci\u00f3n del embarazo hasta la 12va semana de gestaci\u00f3n. Aunque lo sugerido siempre es realizar el tratamiento apenas haya sido detectado el embarazo, de esta forma se evitan mayores riesgos y complicaciones.<\/p>\n<h4 style=\"text-align: justify;\">Misotrol\u2013 Cytotec\u2013 Misoprostol<\/h4>\n<p style=\"text-align: justify;\">(Laboratorio Pfizer) es el f\u00e1rmaco m\u00e1s seguro y efectivo que existe, ya que posee un alto porcentaje de efectividad (sobre el 95%). Permite interrumpir un embarazo de manera segura sin necesidad de realizar ning\u00fan otro procedimiento quir\u00fargico, con pocos riesgos de infecci\u00f3n o efectos secundarios para la mujer. Incluso es recomendado por la Organizaci\u00f3n mundial de la salud (O.M.S.).<\/p>\n<\/div><\/div><div class=\"w-separator size_medium\"><\/div><\/div><\/div><\/div><\/div><\/section>\n","protected":false},"excerpt":{"rendered":"Misotrol CytotecEs un f\u00e1rmaco utilizado regularmente en tratamientos para inducir perdidas, es decir, genera interrupci\u00f3n del embarazo hasta la 12va semana de gestaci\u00f3n. Aunque lo sugerido siempre es realizar el tratamiento apenas haya sido detectado el embarazo, de esta forma se evitan mayores riesgos y complicaciones. Misotrol\u2013 Cytotec\u2013 Misoprostol (Laboratorio Pfizer) es el f\u00e1rmaco m\u00e1s...","protected":false},"author":3,"featured_media":0,"parent":0,"menu_order":0,"comment_status":"closed","ping_status":"closed","template":"","meta":{"footnotes":""},"class_list":["post-9085","page","type-page","status-publish","hentry"],"yoast_head":"<!-- This site is optimized with the Yoast SEO plugin v20.8 - https:\/\/yoast.com\/wordpress\/plugins\/seo\/ -->\n<title>Inf\u00f3rmate al respecto - Estamos contigo<\/title>\n<meta name=\"robots\" content=\"index, follow, max-snippet:-1, max-image-preview:large, max-video-preview:-1\" \/>\n<link rel=\"canonical\" href=\"https:\/\/pastillasmisotrol.cl\/index.php\/informacion\/\" \/>\n<meta property=\"og:locale\" content=\"es_ES\" \/>\n<meta property=\"og:type\" content=\"article\" \/>\n<meta property=\"og:title\" content=\"Inf\u00f3rmate al respecto - Estamos contigo\" \/>\n<meta property=\"og:url\" content=\"https:\/\/pastillasmisotrol.cl\/index.php\/informacion\/\" \/>\n<meta property=\"og:site_name\" content=\"Estamos contigo\" \/>\n<meta property=\"article:modified_time\" content=\"2024-01-29T14:46:14+00:00\" \/>\n<meta name=\"twitter:card\" content=\"summary_large_image\" \/>\n<meta name=\"twitter:label1\" content=\"Tiempo de lectura\" \/>\n\t<meta name=\"twitter:data1\" content=\"1 minuto\" \/>\n<script type=\"application\/ld+json\" class=\"yoast-schema-graph\">{\"@context\":\"https:\/\/schema.org\",\"@graph\":[{\"@type\":\"WebPage\",\"@id\":\"https:\/\/pastillasmisotrol.cl\/index.php\/informacion\/\",\"url\":\"https:\/\/pastillasmisotrol.cl\/index.php\/informacion\/\",\"name\":\"Inf\u00f3rmate al respecto - Estamos contigo\",\"isPartOf\":{\"@id\":\"https:\/\/pastillasmisotrol.cl\/#website\"},\"datePublished\":\"2023-04-28T14:55:18+00:00\",\"dateModified\":\"2024-01-29T14:46:14+00:00\",\"breadcrumb\":{\"@id\":\"https:\/\/pastillasmisotrol.cl\/index.php\/informacion\/#breadcrumb\"},\"inLanguage\":\"es\",\"potentialAction\":[{\"@type\":\"ReadAction\",\"target\":[\"https:\/\/pastillasmisotrol.cl\/index.php\/informacion\/\"]}]},{\"@type\":\"BreadcrumbList\",\"@id\":\"https:\/\/pastillasmisotrol.cl\/index.php\/informacion\/#breadcrumb\",\"itemListElement\":[{\"@type\":\"ListItem\",\"position\":1,\"name\":\"Portada\",\"item\":\"https:\/\/pastillasmisotrol.cl\/\"},{\"@type\":\"ListItem\",\"position\":2,\"name\":\"Inf\u00f3rmate al respecto\"}]},{\"@type\":\"WebSite\",\"@id\":\"https:\/\/pastillasmisotrol.cl\/#website\",\"url\":\"https:\/\/pastillasmisotrol.cl\/\",\"name\":\"Estamos contigo\",\"description\":\"Pastillas Misotrol. Tratamiento sublingual, Tratamiento v\u00eda intravaginal, Aborto Seguro\",\"publisher\":{\"@id\":\"https:\/\/pastillasmisotrol.cl\/#organization\"},\"potentialAction\":[{\"@type\":\"SearchAction\",\"target\":{\"@type\":\"EntryPoint\",\"urlTemplate\":\"https:\/\/pastillasmisotrol.cl\/?s={search_term_string}\"},\"query-input\":\"required name=search_term_string\"}],\"inLanguage\":\"es\"},{\"@type\":\"Organization\",\"@id\":\"https:\/\/pastillasmisotrol.cl\/#organization\",\"name\":\"Estamos contigo\",\"url\":\"https:\/\/pastillasmisotrol.cl\/\",\"logo\":{\"@type\":\"ImageObject\",\"inLanguage\":\"es\",\"@id\":\"https:\/\/pastillasmisotrol.cl\/#\/schema\/logo\/image\/\",\"url\":\"https:\/\/pastillasmisotrol.cl\/wp-content\/uploads\/2017\/07\/logo-1.png\",\"contentUrl\":\"https:\/\/pastillasmisotrol.cl\/wp-content\/uploads\/2017\/07\/logo-1.png\",\"width\":250,\"height\":60,\"caption\":\"Estamos contigo\"},\"image\":{\"@id\":\"https:\/\/pastillasmisotrol.cl\/#\/schema\/logo\/image\/\"}}]}<\/script>\n<!-- \/ Yoast SEO plugin. -->","yoast_head_json":{"title":"Inf\u00f3rmate al respecto - Estamos contigo","robots":{"index":"index","follow":"follow","max-snippet":"max-snippet:-1","max-image-preview":"max-image-preview:large","max-video-preview":"max-video-preview:-1"},"canonical":"https:\/\/pastillasmisotrol.cl\/index.php\/informacion\/","og_locale":"es_ES","og_type":"article","og_title":"Inf\u00f3rmate al respecto - Estamos contigo","og_url":"https:\/\/pastillasmisotrol.cl\/index.php\/informacion\/","og_site_name":"Estamos contigo","article_modified_time":"2024-01-29T14:46:14+00:00","twitter_card":"summary_large_image","twitter_misc":{"Tiempo de lectura":"1 minuto"},"schema":{"@context":"https:\/\/schema.org","@graph":[{"@type":"WebPage","@id":"https:\/\/pastillasmisotrol.cl\/index.php\/informacion\/","url":"https:\/\/pastillasmisotrol.cl\/index.php\/informacion\/","name":"Inf\u00f3rmate al respecto - Estamos contigo","isPartOf":{"@id":"https:\/\/pastillasmisotrol.cl\/#website"},"datePublished":"2023-04-28T14:55:18+00:00","dateModified":"2024-01-29T14:46:14+00:00","breadcrumb":{"@id":"https:\/\/pastillasmisotrol.cl\/index.php\/informacion\/#breadcrumb"},"inLanguage":"es","potentialAction":[{"@type":"ReadAction","target":["https:\/\/pastillasmisotrol.cl\/index.php\/informacion\/"]}]},{"@type":"BreadcrumbList","@id":"https:\/\/pastillasmisotrol.cl\/index.php\/informacion\/#breadcrumb","itemListElement":[{"@type":"ListItem","position":1,"name":"Portada","item":"https:\/\/pastillasmisotrol.cl\/"},{"@type":"ListItem","position":2,"name":"Inf\u00f3rmate al respecto"}]},{"@type":"WebSite","@id":"https:\/\/pastillasmisotrol.cl\/#website","url":"https:\/\/pastillasmisotrol.cl\/","name":"Estamos contigo","description":"Pastillas Misotrol. Tratamiento sublingual, Tratamiento v\u00eda intravaginal, Aborto Seguro","publisher":{"@id":"https:\/\/pastillasmisotrol.cl\/#organization"},"potentialAction":[{"@type":"SearchAction","target":{"@type":"EntryPoint","urlTemplate":"https:\/\/pastillasmisotrol.cl\/?s={search_term_string}"},"query-input":"required name=search_term_string"}],"inLanguage":"es"},{"@type":"Organization","@id":"https:\/\/pastillasmisotrol.cl\/#organization","name":"Estamos contigo","url":"https:\/\/pastillasmisotrol.cl\/","logo":{"@type":"ImageObject","inLanguage":"es","@id":"https:\/\/pastillasmisotrol.cl\/#\/schema\/logo\/image\/","url":"https:\/\/pastillasmisotrol.cl\/wp-content\/uploads\/2017\/07\/logo-1.png","contentUrl":"https:\/\/pastillasmisotrol.cl\/wp-content\/uploads\/2017\/07\/logo-1.png","width":250,"height":60,"caption":"Estamos contigo"},"image":{"@id":"https:\/\/pastillasmisotrol.cl\/#\/schema\/logo\/image\/"}}]}},"acf":[],"_links":{"self":[{"href":"https:\/\/pastillasmisotrol.cl\/index.php\/wp-json\/wp\/v2\/pages\/9085"}],"collection":[{"href":"https:\/\/pastillasmisotrol.cl\/index.php\/wp-json\/wp\/v2\/pages"}],"about":[{"href":"https:\/\/pastillasmisotrol.cl\/index.php\/wp-json\/wp\/v2\/types\/page"}],"author":[{"embeddable":true,"href":"https:\/\/pastillasmisotrol.cl\/index.php\/wp-json\/wp\/v2\/users\/3"}],"replies":[{"embeddable":true,"href":"https:\/\/pastillasmisotrol.cl\/index.php\/wp-json\/wp\/v2\/comments?post=9085"}],"version-history":[{"count":13,"href":"https:\/\/pastillasmisotrol.cl\/index.php\/wp-json\/wp\/v2\/pages\/9085\/revisions"}],"predecessor-version":[{"id":9705,"href":"https:\/\/pastillasmisotrol.cl\/index.php\/wp-json\/wp\/v2\/pages\/9085\/revisions\/9705"}],"wp:attachment":[{"href":"https:\/\/pastillasmisotrol.cl\/index.php\/wp-json\/wp\/v2\/media?parent=9085"}],"curies":[{"name":"wp","href":"https:\/\/api.w.org\/{rel}","templated":true}]}}